{"id":2,"date":"2025-09-23T22:40:06","date_gmt":"2025-09-23T20:40:06","guid":{"rendered":"http:\/\/python-ai.pl\/?page_id=2"},"modified":"2025-09-24T22:28:53","modified_gmt":"2025-09-24T20:28:53","slug":"przykladowa-strona","status":"publish","type":"page","link":"https:\/\/python-ai.pl\/?page_id=2","title":{"rendered":"Kurs Pythona"},"content":{"rendered":"\n<div class=\"wp-block-group\"><div class=\"wp-block-group__inner-container is-layout-constrained wp-block-group-is-layout-constrained\">\n<div class=\"wp-block-group has-background\" style=\"background-color:#ffffff4a\"><div class=\"wp-block-group__inner-container is-layout-constrained wp-block-group-is-layout-constrained\">\n<div class=\"wp-block-group has-pale-cyan-blue-background-color has-background\"><div class=\"wp-block-group__inner-container is-layout-constrained wp-block-group-is-layout-constrained\">\n<h1 class=\"wp-block-heading has-vivid-purple-color has-text-color has-link-color wp-elements-6f87d0f341ed7cd813d7cfe7b15f1044\"><strong>Naucz si\u0119 Pythona &#8211; od podstaw<\/strong><\/h1>\n\n\n\n<p class=\"has-medium-font-size\">Interaktywny kurs programowania w Pythonie z praktycznymi \u0107wiczeniami<\/p>\n\n\n\n<ol class=\"wp-block-list\">\n<li class=\"has-medium-font-size\" style=\"font-style:normal;font-weight:600\"><a href=\"http:\/\/python-ai.pl\/?p=17\" data-type=\"post\" data-id=\"17\">Wprowadzenie do Pythona<\/a><\/li>\n\n\n\n<li class=\"has-medium-font-size\" style=\"font-style:normal;font-weight:600\"><a href=\"http:\/\/python-ai.pl\/?p=32\" data-type=\"post\" data-id=\"32\">Zmienne i typy danych<\/a><\/li>\n\n\n\n<li class=\"has-medium-font-size\" style=\"font-style:normal;font-weight:600\"><a href=\"http:\/\/python-ai.pl\/?p=35\" data-type=\"post\" data-id=\"35\">Operatory matematyczne<\/a><\/li>\n\n\n\n<li class=\"has-medium-font-size\" style=\"font-style:normal;font-weight:600\"><a href=\"http:\/\/python-ai.pl\/?p=39\" data-type=\"post\" data-id=\"39\">P\u0119tle \u2013 for i while<\/a><\/li>\n\n\n\n<li class=\"has-medium-font-size\" style=\"font-style:normal;font-weight:600\"><a href=\"http:\/\/python-ai.pl\/?p=43\" data-type=\"post\" data-id=\"43\">Warunki \u2013 if, elif, else<\/a><\/li>\n\n\n\n<li class=\"has-medium-font-size\" style=\"font-style:normal;font-weight:600\"><a href=\"http:\/\/python-ai.pl\/?p=46\" data-type=\"post\" data-id=\"46\">Listy i kolekcje danych<\/a><\/li>\n\n\n\n<li class=\"has-medium-font-size\" style=\"font-style:normal;font-weight:600\"><a href=\"http:\/\/python-ai.pl\/?p=49\" data-type=\"post\" data-id=\"49\">Funkcje<\/a><\/li>\n\n\n\n<li class=\"has-medium-font-size\" style=\"font-style:normal;font-weight:600\"><a href=\"http:\/\/python-ai.pl\/?p=52\" data-type=\"post\" data-id=\"52\">Obs\u0142uga wyj\u0105tk\u00f3w<\/a><\/li>\n\n\n\n<li class=\"has-medium-font-size\" style=\"font-style:normal;font-weight:600\"><a href=\"http:\/\/python-ai.pl\/?p=55\" data-type=\"post\" data-id=\"55\">Praca z plikami<\/a><\/li>\n\n\n\n<li class=\"has-medium-font-size\" style=\"font-style:normal;font-weight:600\"><a href=\"http:\/\/python-ai.pl\/?p=58\" data-type=\"post\" data-id=\"58\">Modu\u0142y i pakiety<\/a><\/li>\n\n\n\n<li class=\"has-medium-font-size\" style=\"font-style:normal;font-weight:600\"><a href=\"http:\/\/python-ai.pl\/?p=61\" data-type=\"post\" data-id=\"61\">Programowanie obiektowe<\/a><\/li>\n\n\n\n<li class=\"has-medium-font-size\" style=\"font-style:normal;font-weight:600\"><a href=\"http:\/\/python-ai.pl\/?p=64\" data-type=\"post\" data-id=\"64\">Wyra\u017cenia regularne<\/a><\/li>\n<\/ol>\n\n\n\n<p><\/p>\n<\/div><\/div>\n<\/div><\/div>\n\n\n\n<p><\/p>\n<\/div><\/div>\n","protected":false},"excerpt":{"rendered":"<p>Naucz si\u0119 Pythona &#8211; od podstaw Interaktywny kurs programowania w Pythonie z praktycznymi \u0107wiczeniami<\/p>\n","protected":false},"author":1,"featured_media":0,"parent":0,"menu_order":0,"comment_status":"closed","ping_status":"open","template":"","meta":{"footnotes":""},"class_list":["post-2","page","type-page","status-publish","hentry"],"jetpack_sharing_enabled":true,"_links":{"self":[{"href":"https:\/\/python-ai.pl\/index.php?rest_route=\/wp\/v2\/pages\/2","targetHints":{"allow":["GET"]}}],"collection":[{"href":"https:\/\/python-ai.pl\/index.php?rest_route=\/wp\/v2\/pages"}],"about":[{"href":"https:\/\/python-ai.pl\/index.php?rest_route=\/wp\/v2\/types\/page"}],"author":[{"embeddable":true,"href":"https:\/\/python-ai.pl\/index.php?rest_route=\/wp\/v2\/users\/1"}],"replies":[{"embeddable":true,"href":"https:\/\/python-ai.pl\/index.php?rest_route=%2Fwp%2Fv2%2Fcomments&post=2"}],"version-history":[{"count":23,"href":"https:\/\/python-ai.pl\/index.php?rest_route=\/wp\/v2\/pages\/2\/revisions"}],"predecessor-version":[{"id":67,"href":"https:\/\/python-ai.pl\/index.php?rest_route=\/wp\/v2\/pages\/2\/revisions\/67"}],"wp:attachment":[{"href":"https:\/\/python-ai.pl\/index.php?rest_route=%2Fwp%2Fv2%2Fmedia&parent=2"}],"curies":[{"name":"wp","href":"https:\/\/api.w.org\/{rel}","templated":true}]}}