{"id":210,"date":"2025-11-26T18:18:06","date_gmt":"2025-11-26T17:18:06","guid":{"rendered":"https:\/\/python-ai.pl\/?page_id=210"},"modified":"2025-11-26T18:18:06","modified_gmt":"2025-11-26T17:18:06","slug":"szara-piechota","status":"publish","type":"page","link":"https:\/\/python-ai.pl\/?page_id=210","title":{"rendered":"Szara Piechota"},"content":{"rendered":"\n<h4 class=\"wp-block-heading\">\u201eSzara Piechota\u201d to patriotyczny odtwarzacz muzyczny, kt\u00f3ry synchronizuje tekst piosenki z odtwarzan\u0105 muzyk\u0105.<\/h4>\n\n\n\n<div class=\"wp-block-group is-horizontal is-content-justification-center is-nowrap is-layout-flex wp-container-core-group-is-layout-5a79b3e0 wp-block-group-is-layout-flex\">\n<div class=\"wp-block-buttons is-content-justification-left is-layout-flex wp-container-core-buttons-is-layout-fdcfc74e wp-block-buttons-is-layout-flex\">\n<div class=\"wp-block-button has-custom-width wp-block-button__width-100\"><a class=\"wp-block-button__link wp-element-button\" href=\"https:\/\/szara-piechota-song.web.app\/\"><strong>Demo<\/strong><\/a><\/div>\n<\/div>\n\n\n\n<div class=\"wp-block-group is-vertical is-nowrap is-layout-flex wp-container-core-group-is-layout-947ac36b wp-block-group-is-layout-flex\">\n<div class=\"wp-block-buttons is-layout-flex wp-block-buttons-is-layout-flex\">\n<div class=\"wp-block-button has-custom-width wp-block-button__width-100\"><a class=\"wp-block-button__link wp-element-button\" href=\"https:\/\/github.com\/traininguniverse\/szara-piechota\"><strong>Repozytorium<\/strong><\/a><\/div>\n<\/div>\n<\/div>\n<\/div>\n\n\n<div id=\"metaslider-id-151\" style=\"width: 100%;\" class=\"ml-slider-3-107-0 metaslider metaslider-flex metaslider-151 ml-slider has-dots-nav ms-theme-default-base\" role=\"region\" aria-label=\"Szara Piechota\" data-height=\"1080\" data-width=\"1920\">\n    <div id=\"metaslider_container_151\">\n        <div id=\"metaslider_151\">\n            <ul aria-live='off' class='slides'>\n                <li style=\"display: block; width: 100%;\" class=\"slide-155 ms-image \" aria-roledescription=\"slide\" data-date=\"2025-10-02 01:53:40\" data-filename=\"Zrzut-ekranu-z-2025-10-02-01-52-30-1830x1029.png\" data-slide-type=\"image\"><img loading=\"lazy\" decoding=\"async\" src=\"https:\/\/python-ai.pl\/wp-content\/uploads\/2025\/10\/Zrzut-ekranu-z-2025-10-02-01-52-30-1830x1029.png\" height=\"1080\" width=\"1920\" alt=\"\" class=\"slider-151 slide-155 msDefaultImage\" title=\"Zrzut ekranu z 2025-10-02 01-52-30\" \/><\/li>\n                <li style=\"display: none; width: 100%;\" class=\"slide-154 ms-image \" aria-roledescription=\"slide\" data-date=\"2025-10-02 01:53:19\" data-filename=\"Zrzut-ekranu-z-2025-10-02-01-52-46-1830x1029.png\" data-slide-type=\"image\"><img loading=\"lazy\" decoding=\"async\" src=\"https:\/\/python-ai.pl\/wp-content\/uploads\/2025\/10\/Zrzut-ekranu-z-2025-10-02-01-52-46-1830x1029.png\" height=\"1080\" width=\"1920\" alt=\"\" class=\"slider-151 slide-154 msDefaultImage\" title=\"Zrzut ekranu z 2025-10-02 01-52-46\" \/><\/li>\n                <li style=\"display: none; width: 100%;\" class=\"slide-157 ms-image \" aria-roledescription=\"slide\" data-date=\"2025-10-02 02:07:08\" data-filename=\"Zrzut-ekranu-z-2025-10-02-02-06-44-1830x1029.png\" data-slide-type=\"image\"><img loading=\"lazy\" decoding=\"async\" src=\"https:\/\/python-ai.pl\/wp-content\/uploads\/2025\/10\/Zrzut-ekranu-z-2025-10-02-02-06-44-1830x1029.png\" height=\"1080\" width=\"1920\" alt=\"\" class=\"slider-151 slide-157 msDefaultImage\" title=\"Zrzut ekranu z 2025-10-02 02-06-44\" \/><\/li>\n            <\/ul>\n        <\/div>\n        \n    <\/div>\n<\/div>\n","protected":false},"excerpt":{"rendered":"<p>\u201eSzara Piechota\u201d to patriotyczny odtwarzacz muzyczny, kt\u00f3ry synchronizuje tekst piosenki z odtwarzan\u0105 muzyk\u0105.<\/p>\n","protected":false},"author":1,"featured_media":0,"parent":0,"menu_order":0,"comment_status":"closed","ping_status":"closed","template":"","meta":{"footnotes":""},"class_list":["post-210","page","type-page","status-publish","hentry"],"jetpack_sharing_enabled":true,"_links":{"self":[{"href":"https:\/\/python-ai.pl\/index.php?rest_route=\/wp\/v2\/pages\/210","targetHints":{"allow":["GET"]}}],"collection":[{"href":"https:\/\/python-ai.pl\/index.php?rest_route=\/wp\/v2\/pages"}],"about":[{"href":"https:\/\/python-ai.pl\/index.php?rest_route=\/wp\/v2\/types\/page"}],"author":[{"embeddable":true,"href":"https:\/\/python-ai.pl\/index.php?rest_route=\/wp\/v2\/users\/1"}],"replies":[{"embeddable":true,"href":"https:\/\/python-ai.pl\/index.php?rest_route=%2Fwp%2Fv2%2Fcomments&post=210"}],"version-history":[{"count":1,"href":"https:\/\/python-ai.pl\/index.php?rest_route=\/wp\/v2\/pages\/210\/revisions"}],"predecessor-version":[{"id":211,"href":"https:\/\/python-ai.pl\/index.php?rest_route=\/wp\/v2\/pages\/210\/revisions\/211"}],"wp:attachment":[{"href":"https:\/\/python-ai.pl\/index.php?rest_route=%2Fwp%2Fv2%2Fmedia&parent=210"}],"curies":[{"name":"wp","href":"https:\/\/api.w.org\/{rel}","templated":true}]}}