{"id":73,"date":"2025-09-24T22:42:20","date_gmt":"2025-09-24T20:42:20","guid":{"rendered":"http:\/\/python-ai.pl\/?page_id=73"},"modified":"2025-09-24T23:20:54","modified_gmt":"2025-09-24T21:20:54","slug":"kurs-ai-ml-dl","status":"publish","type":"page","link":"https:\/\/python-ai.pl\/?page_id=73","title":{"rendered":"Kurs AI\/ML\/DL"},"content":{"rendered":"\n<h1 class=\"wp-block-heading\">Kurs Python AI\/ML\/DL &#8211; Od Pythona do Sztucznej Inteligencji<\/h1>\n\n\n\n<p class=\"has-medium-font-size\">Poznaj naturaln\u0105 \u015bcie\u017ck\u0119 rozwoju od Pythona do sztucznej inteligencji. Interaktywny kurs pokazuj\u0105cy jak podstawy programowania prowadz\u0105 do zaawansowanych technologii AI, Machine Learning i Deep Learning.<\/p>\n\n\n\n<ul class=\"wp-block-list has-medium-font-size\">\n<li><a href=\"http:\/\/python-ai.pl\/?p=77\" data-type=\"post\" data-id=\"77\">\ud83d\udc0d Python<\/a><\/li>\n\n\n\n<li><a href=\"http:\/\/python-ai.pl\/?p=83\" data-type=\"post\" data-id=\"83\">\ud83d\udcca Analiza<\/a><\/li>\n\n\n\n<li><a href=\"http:\/\/python-ai.pl\/?p=87\" data-type=\"post\" data-id=\"87\">\ud83d\udcc8 Wizualizacja<\/a><\/li>\n\n\n\n<li><a href=\"http:\/\/python-ai.pl\/?p=98\" data-type=\"post\" data-id=\"98\">\ud83e\udd16 ML<\/a><\/li>\n\n\n\n<li><a href=\"http:\/\/python-ai.pl\/?p=103\" data-type=\"post\" data-id=\"103\">\ud83e\udde0 DL<\/a><\/li>\n<\/ul>\n\n\n\n<figure class=\"wp-block-image size-large\"><img loading=\"lazy\" decoding=\"async\" width=\"1024\" height=\"300\" src=\"http:\/\/python-ai.pl\/wp-content\/uploads\/2025\/09\/image-7-1024x300.png\" alt=\"\" class=\"wp-image-108\" srcset=\"https:\/\/python-ai.pl\/wp-content\/uploads\/2025\/09\/image-7-1024x300.png 1024w, https:\/\/python-ai.pl\/wp-content\/uploads\/2025\/09\/image-7-300x88.png 300w, https:\/\/python-ai.pl\/wp-content\/uploads\/2025\/09\/image-7-768x225.png 768w, https:\/\/python-ai.pl\/wp-content\/uploads\/2025\/09\/image-7.png 1323w\" sizes=\"auto, (max-width: 1024px) 100vw, 1024px\" \/><\/figure>\n","protected":false},"excerpt":{"rendered":"<p>Kurs Python AI\/ML\/DL &#8211; Od Pythona do Sztucznej Inteligencji Poznaj naturaln\u0105 \u015bcie\u017ck\u0119 rozwoju od Pythona do sztucznej inteligencji. Interaktywny kurs pokazuj\u0105cy jak podstawy programowania prowadz\u0105 do zaawansowanych technologii AI, Machine Learning i Deep Learning.<\/p>\n","protected":false},"author":1,"featured_media":0,"parent":0,"menu_order":0,"comment_status":"closed","ping_status":"closed","template":"","meta":{"footnotes":""},"class_list":["post-73","page","type-page","status-publish","hentry"],"jetpack_sharing_enabled":true,"_links":{"self":[{"href":"https:\/\/python-ai.pl\/index.php?rest_route=\/wp\/v2\/pages\/73","targetHints":{"allow":["GET"]}}],"collection":[{"href":"https:\/\/python-ai.pl\/index.php?rest_route=\/wp\/v2\/pages"}],"about":[{"href":"https:\/\/python-ai.pl\/index.php?rest_route=\/wp\/v2\/types\/page"}],"author":[{"embeddable":true,"href":"https:\/\/python-ai.pl\/index.php?rest_route=\/wp\/v2\/users\/1"}],"replies":[{"embeddable":true,"href":"https:\/\/python-ai.pl\/index.php?rest_route=%2Fwp%2Fv2%2Fcomments&post=73"}],"version-history":[{"count":8,"href":"https:\/\/python-ai.pl\/index.php?rest_route=\/wp\/v2\/pages\/73\/revisions"}],"predecessor-version":[{"id":106,"href":"https:\/\/python-ai.pl\/index.php?rest_route=\/wp\/v2\/pages\/73\/revisions\/106"}],"wp:attachment":[{"href":"https:\/\/python-ai.pl\/index.php?rest_route=%2Fwp%2Fv2%2Fmedia&parent=73"}],"curies":[{"name":"wp","href":"https:\/\/api.w.org\/{rel}","templated":true}]}}